-21))/((-1)/i). Suppose 0 = j + 2*o - n*o - 8, 2*o = 2*j - 10. List the prime factors of j.
2
List the prime factors of 52 + -4 + 3 + 0.
3, 17
Suppose -3*o - o = -188. What are the prime factors of o?
47
Let w(l) = 2*l + 1. Let y be w(-5). Let v(r) = -9*r - 1 - 1 - r**2 - r. What are the prime factors of v(y)?
7
Suppose -5*l = -242 - 13. Suppose 5*x = 2*x + l. What are the prime factors of x?
17
Suppose -6 = -2*n - 4. Let t(p) = 13*p**2 - p + 1. Let u(r) = 27*r**2 - 2*r + 2. Let i(v) = 13*t(v) - 6*u(v). What are the prime factors of i(n)?
7
Let t be 2/(-4)*(2 + -4). Suppose 2 - t = -j. List the prime factors of j + 1 - 2*-4.
2
What are the prime factors of 0 + 4/18 - 4125/(-27)?
3, 17
Let z = 7 + -2. Suppose -z*n = -c + 9, 2*c - n = -2*c - 21. What are the prime factors of c/21 - (-237)/21?
11
What are the prime factors of 1/3 - (-8393)/21?
2, 5
What are the prime factors of 562/(-6)*(-4 - -1)?
281
Suppose 7*r - 4*r + 9 = 0. Let i be 9/(-6)*2/r. Suppose i = -4*h + 37. What are the prime factors of h?
3
Let s(u) = -u**2 + 6*u - 5. Let j be s(5). Suppose j = -7*h + 2*h + 100. What are the prime factors of h?
2, 5
Let j be 4/6*12/(-8). List the prime factors of (j - 3)*14/(-1).
2, 7
Let r be (-16)/4*(-2 - -1). Suppose h = 17 + r. List the prime factors of h.
3, 7
Let p = 250 - 165. What are the prime factors of p?
5, 17
Suppose 8*m = 3*m - 60. Let y be 2/(-4)*(m - -2). Suppose 5 = -4*r + 2*z + 3*z, 5*z = y*r. List the prime factors of r.
5
Suppose 5 = t, 2*r - 3 = 3*t - 0*t. Suppose 3*g = 3*n - 72, 28 = -0*n + n - 5*g. Suppose -4*l + n = -r. List the prime factors of l.
2
Suppose -2*m + 48 = -34. Suppose 0*a - m = a - s, -21 = a + 3*s. Let d = a - -52. List the prime factors of d.
2
Let z(o) = 7*o - 1. Let t be -3 + ((-6)/3 - -14). Let a = 10 - t. List the prime factors of z(a).
2, 3
Let g = 461 - 151. What are the prime factors of g/30 - 4/(-6)?
11
Suppose 4*w = 20, 5*n + 0*w = -w + 20. Suppose 3*b + 0*t - t = 42, -2*b + 28 = -n*t. What are the prime factors of b?
2, 7
Let z = -18 + 21. Let c = 17 - z. What are the prime factors of c?
2, 7
Let s = 53 - 32. What are the prime factors of s?
3, 7
Let k(j) = -2*j**3 + 2*j**2 + j. Let d be k(-1). Let g(w) = 2*w + 16 - d*w - 8. What are the prime factors of g(4)?
2
Suppose -5*p = 2*i - 107 + 32, 2*p = i - 15. What are the prime factors of i?
5
What are the prime factors of (36/(-21))/((-2)/14)?
2, 3
Let b = -175 - -536. List the prime factors of b.
19
Suppose -4*z + 109 = -j, z = 5*j - 16 + 67. What are the prime factors of z?
2, 13
Let m(v) = 35*v - 19. List the prime factors of m(5).
2, 3, 13
Let f be ((-2)/4)/(2/44). Let t = 7 + f. Let u = t - -6. List the prime factors of u.
2
Let n(z) = z**2 + z + 2. Let v be (9 - 12) + (1 - -5). List the prime factors of n(v).
2, 7
List the prime factors of (6/(-4))/(2/72*-2).
3
Let w = -9 + 22. Suppose 3*k - 63 - w = -4*n, -4*n = -4. List the prime factors of k.
2, 3
Suppose 0 = 5*u - 10 - 10. Suppose -3*r - 47 = -u*l, -4*l = 2*r + 3*r - 71. List the prime factors of l/6 - (-2)/3.
3
Let c be (2/4)/((-1)/(-6)). Let a(w) = 5*w + 3. List the prime factors of a(c).
2, 3
Suppose -6*h + 3*h = -69. List the prime factors of h.
23
Let z be -32*1 - (-1 + 2). What are the prime factors of (-6)/z + (-546)/(-22)?
5
Suppose -28 - 14 = -3*o. Let p be (-13)/(-3) - o/(-21). Suppose 0 = p*s + q - 11, -3*q - 11 = 3*s + 2*q. What are the prime factors of s?
3
List the prime factors of (6/4)/((-3)/(-40)).
2, 5
Let m(c) = -c**3 + 8*c**2 - 7*c - 8. What are the prime factors of m(5)?
2
Let k(n) = n**2 - 7*n + 5. Let x be k(4). Let u(t) = t**2 + 8*t + 9. Let l be u(x). Suppose -5*g + r + 11 = -g, l*g = 4*r + 16. What are the prime factors of g?
2
Let q = 823 + -476. List the prime factors of q.
347
Suppose f = 2 + 1. Let g(y) = -y**2 + 2*y + 1. Let k be g(-2). Let o = f - k. What are the prime factors of o?
2, 5
Let p = 8 - -5. Let g be (-2)/3*9/6. List the prime factors of p + (3 - (3 - g)).
2, 3
Let q = -11 - -53. Let l = q + -59. Let a = l - -29. What are the prime factors of a?
2, 3
Let a(s) = -4*s**3 + 4*s**2 - 4*s + 1. Let z(l) = -l**3 - l + 1. Let c(n) = -a(n) + 5*z(n). Suppose 0 = -2*k + 5 - 13. What are the prime factors of c(k)?
2
Suppose -v + 24 = i - 0*v, 5*i - 123 = -2*v. What are the prime factors of i?
5
Suppose -678 = -3*x - 4*n, -6*x + 10*x = 5*n + 873. List the prime factors of x.
2, 3, 37
Let x be (-5 - 3) + 3 + 0. Let h(i) = i**3 + 3*i**2 - 5*i - 2. Let b be h(x). Let n = b + 39. What are the prime factors of n?
2, 3
Let i = 6 + -3. Suppose 3*p - i*j = 144, 220 = 3*p + 2*p + 5*j. What are the prime factors of (-2)/(-4) + p/4?
2, 3
Suppose -s = -3*s + 14. Let m = 14 + s. What are the prime factors of m?
3, 7
Suppose -4*l = -6*l + 66. What are the prime factors of l?
3, 11
Suppose -p - 18 = 2*p. Let n be (-8)/p + (-4)/(-6). Suppose 0 = -7*o + n*o + 10. List the prime factors of o.
2
Let y(t) = -t**3 - 10*t**2 + 12*t + 16. List the prime factors of y(-11).
5
Suppose -3*c + 2*c = -110. Let t = c + -63. Suppose -4*g + 19 = f - t, -5*g + 4*f + 93 = 0. What are the prime factors of g?
17
Suppose 393 = q + 5*k, 0 = -3*q - k + 497 + 710. List the prime factors of q.
13, 31
Suppose 3*f = 41 + 22. Suppose x + 3 = f. List the prime factors of x.
2, 3
Let h = -14 - -7. Let c = h - -11. Let n = c - 2. List the prime factors of n.
2
Suppose 0*g - 3*g + 6 = 0. Suppose b = 4*b - 2*m + 14, m - 8 = g*b. List the prime factors of 17/2 - b/4.
3
Let v(j) = 2*j**2 + 5*j + 4. Suppose -b + 16 = -5*b. What are the prime factors of v(b)?
2
Suppose -3*u + 2*u = 0. Let c = -1 - -3. Suppose u = -5*q - m + 45, 2*m = -c*q - 3*m + 41. List the prime factors of q.
2
Suppose -u + 2*u = 5. Suppose 7 = -z + 2*s, 5*z - 25 + 0 = -u*s. Suppose w - 8 = -z. List the prime factors of w.
7
Suppose -5*z - 5*c + 338 + 532 = 0, 0 = 4*z - 2*c - 690. List the prime factors of z.
173
Suppose -2*m - 3*m = -260. List the prime factors of m.
2, 13
Let y be ((-16)/(-10))/(2/5). Suppose -g + 2*a + 5 = 0, y*a + 20 = 2*g + 5*a. List the prime factors of g.
3
Let l(i) = 6*i - 2. Let f be l(5). Suppose 0 = 5*o + 233 - 613. What are the prime factors of o/f + 4/14?
3
Suppose 5*x = 13*x - 1104. What are the prime factors of x?
2, 3, 23
Suppose t - 4 = 10. Let r = t - 23. Let j = r + 16. List the prime factors of j.
7
Let z(r) = 24*r**3 - r**2 + r - 1. Suppose 3*g - 5 = -2*f, -2*g - 4*f + 0 = 2. Suppose g*o = -0*o + 3. What are the prime factors of z(o)?
23
Let k = -9 + 13. What are the prime factors of k?
2
Let t be (1 + 0)/((-2)/2). Suppose 0*a = a - 5*c + 15, 4*c = -3*a - 7. Let w = t - a. List the prime factors of w.
2
Let j(x) = -x**2 - 11*x + 5. What are the prime factors of j(-8)?
29
Suppose 2 - 17 = 5*f, 5*u = 5*f - 90. Let t = u + 34. What are the prime factors of t?
13
Let a = 34 - 8. Let y = -15 + a. What are the prime factors of y?
11
Suppose 2*y - 3*j = -3*y - 1, -5*y - 2*j = -9. Suppose 11 + y = 3*o. Suppose o*l - 5*n - 40 = -n, 34 = 4*l - 2*n. List the prime factors of l.
7
Let i = 6 - -2. Suppose -v = v - i. What are the prime factors of v?
2
Let b = -1 + 0. Let a be -8*2*b/4. Let c = a + 0. List the prime factors of c.
2
Let m(k) = 2*k - 7. Let x be m(4). List the prime factors of 50*(x - 0/4).
2, 5
Let m = -67 - -88. List the prime factors of m.
3, 7
Let r(p) = -18*p**3 + p**2 + 2*p. Let s(a) = -18*a**3 + a**2 + 3*a. Let x(q) = -3*r(q) + 2*s(q). List the prime factors of x(1).
17
Suppose -3*q = 2*q - 105. What are the prime factors of q?
3, 7
Let d(z) = -z**3 - 17*z**2 + 25. What are the prime factors of d(-18)?
349
Suppose 7*y = 4*y + 21. List the prime factors of y.
7
Suppose -3*y = 4*g - 24, 3*y = 3*g + 2*y - 5. Let w(i) = i**2 + 15*i - 34. Let a be w(-17). Suppose a = -g*x + 6 + 21. What are the prime factors of x?
3
Let k(q) = q**2 + 4. Let j be k(3). Suppose -8 = -3*u + j. What are the prime factors of u?
7
Suppose 63*x = 60*x + 219. What are the prime factors of x?
73
Let d(f) = f**2 - f - 3. What are the prime factors of d(-10)?
107
Let v(q) = q + 9. Let u be v(-5). Suppose -5*z = -x - 142, -30 = u*z + x - 149. List the prime factors of z.
29
Let v = -12 - -66. Let d = -18 + v. Suppose -4*f = 3*b - 23 - 32, 0 = 3*f + 4*b - d. List the prime factors of f.
2
Let k(u) = u**2 - 5*u - 2. Let h be k(